{"id":10,"date":"2019-04-17T10:38:17","date_gmt":"2019-04-17T10:38:17","guid":{"rendered":"https:\/\/john.kneet.be\/restaurant-l-etage\/?page_id=10"},"modified":"2026-04-13T08:29:10","modified_gmt":"2026-04-13T06:29:10","slug":"home","status":"publish","type":"page","link":"https:\/\/nelsonsplaces.be\/restaurant-l-etage\/fr\/","title":{"rendered":"Home"},"content":{"rendered":"<p>[et_pb_section fb_built=&#8221;1&#8243; _builder_version=&#8221;3.22&#8243; custom_padding=&#8221;0|0px|0|0px|false|false&#8221;][et_pb_row column_structure=&#8221;1_4,1_2,1_4&#8243; _builder_version=&#8221;4.6.6&#8243; _module_preset=&#8221;default&#8221; custom_padding=&#8221;0px||0px|||&#8221;][et_pb_column type=&#8221;1_4&#8243; _builder_version=&#8221;4.6.6&#8243; _module_preset=&#8221;default&#8221;][et_pb_text _builder_version=&#8221;4.6.6&#8243; background_color=&#8221;#E0CBA8&#8243; background_image=&#8221;https:\/\/john.kneet.be\/wp-content\/uploads\/sites\/8\/2021\/01\/image00051-3.jpeg&#8221; custom_padding=&#8221;36px|36px|36px|36px&#8221; animation_style=&#8221;slide&#8221; animation_direction=&#8221;bottom&#8221; animation_intensity_slide=&#8221;5%&#8221;][\/et_pb_text][\/et_pb_column][et_pb_column type=&#8221;1_2&#8243; _builder_version=&#8221;4.6.6&#8243; _module_preset=&#8221;default&#8221;][et_pb_text module_class=&#8221;flex-wrapper middle auto-height-mobile&#8221; _builder_version=&#8221;4.6.6&#8243; text_font=&#8221;||||||||&#8221; background_color=&#8221;#ffffff&#8221; text_orientation=&#8221;center&#8221; max_width=&#8221;100%&#8221; min_height=&#8221;150px&#8221; custom_margin=&#8221;1px|||||&#8221; custom_padding=&#8221;52px|36px|0px|36px||&#8221; animation_style=&#8221;slide&#8221; animation_direction=&#8221;bottom&#8221; animation_intensity_slide=&#8221;5%&#8221; link_option_url=&#8221;https:\/\/john.kneet.be\/restaurant-l-etage\/fr&#8221; custom_css_main_element=&#8221;border-image: url(https:\/\/john.kneet.be\/restaurant-l-etage\/wp-content\/uploads\/sites\/8\/2021\/02\/Depositphotos_70177729_xl-2015.jpg) 5% round;&#8221; border_width_all=&#8221;18px&#8221; border_color_all=&#8221;#ff6542&#8243; saved_tabs=&#8221;all&#8221;]<\/p>\n<h1 style=\"text-align: center;\"><\/h1>\n<h5><b>LUNDI 13\/4\/2026<\/b><\/h5>\n<p>Le restaurant est ferm\u00e9 ce soir<\/p>\n<p>&nbsp;<\/p>\n<p><span style=\"text-transform: initial; color: #1e2a3e;\">\u00a0<\/span><a style=\"text-transform: initial;\" href=\"https:\/\/nelsonsplaces.be\/restaurant-l-etage\/fr\/menus\/\"><u>D\u00e9couvrez ici nos menus de la semaines\u00a0\u00a0<\/u><\/a><span style=\"text-transform: initial; color: #1e2a3e;\">\/\u00a0<\/span><span style=\"text-transform: initial; color: #1e2a3e;\"><a href=\"https:\/\/nelsonsplaces.be\/restaurant-l-etage\/en\/menus\/\"><u>Discover our weekly menu here<\/u><\/a><\/span><\/p>\n<p>[\/et_pb_text][\/et_pb_column][et_pb_column type=&#8221;1_4&#8243; _builder_version=&#8221;4.6.6&#8243; _module_preset=&#8221;default&#8221;][et_pb_text module_class=&#8221;flex-wrapper top overlay dark gallery-trigger&#8221; _builder_version=&#8221;4.6.6&#8243; text_font=&#8221;||||||||&#8221; background_color=&#8221;#E0CBA8&#8243; background_image=&#8221;https:\/\/john.kneet.be\/restaurant-l-etage\/wp-content\/uploads\/sites\/8\/2020\/05\/222-Nelson-by-AS-Deldycke.jpg&#8221; background_position=&#8221;center_left&#8221; background_layout=&#8221;dark&#8221; custom_padding=&#8221;36px|36px|36px|36px&#8221; animation_style=&#8221;slide&#8221; animation_direction=&#8221;bottom&#8221; animation_intensity_slide=&#8221;5%&#8221;]<\/p>\n<h1>Galerie de photos<\/h1>\n<h2><\/h2>\n<div class=\"align-bottom\">\n<h2><a class=\"icon-after\">Afficher plus d&#8217;images<\/a><\/h2>\n<\/div>\n<p>[\/et_pb_text][\/et_pb_column][\/et_pb_row][et_pb_row column_structure=&#8221;1_4,1_2,1_4&#8243; _builder_version=&#8221;3.25&#8243; custom_padding=&#8221;0px|120px|0|120px|false|false&#8221;][et_pb_column type=&#8221;1_4&#8243; _builder_version=&#8221;3.25&#8243; custom_padding=&#8221;|||&#8221; custom_padding__hover=&#8221;|||&#8221;][et_pb_text _builder_version=&#8221;4.6.6&#8243; text_font=&#8221;||||||||&#8221; background_color=&#8221;#1f6319&#8243; background_size=&#8221;contain&#8221; background_position=&#8221;center_left&#8221; text_orientation=&#8221;center&#8221; background_layout=&#8221;dark&#8221; custom_padding=&#8221;36px|36px|36px|36px&#8221; animation_style=&#8221;slide&#8221; animation_direction=&#8221;bottom&#8221; animation_intensity_slide=&#8221;5%&#8221; link_option_url=&#8221;https:\/\/john.kneet.be\/wp-content\/uploads\/sites\/8\/2023\/11\/gastro-nov-23-fr-2.jpg&#8221; link_option_url_new_window=&#8221;on&#8221;]<\/p>\n<h1 style=\"text-align: center;\"><\/h1>\n<h1 style=\"text-align: center;\">Menu culinaire<\/h1>\n<p style=\"text-align: center;\"><span style=\"font-size: large;\">Tous les samedis hors saison<\/span><\/p>\n<p>[\/et_pb_text][\/et_pb_column][et_pb_column type=&#8221;1_2&#8243; _builder_version=&#8221;3.25&#8243; custom_padding=&#8221;|||&#8221; custom_padding__hover=&#8221;|||&#8221;][et_pb_text module_class=&#8221;flex-wrapper middle overlay dark&#8221; _builder_version=&#8221;4.6.6&#8243; text_font=&#8221;||||||||&#8221; background_image=&#8221;https:\/\/john.kneet.be\/restaurant-l-etage\/wp-content\/uploads\/sites\/8\/2020\/12\/image00031klein-1.jpg&#8221; background_layout=&#8221;dark&#8221; custom_padding=&#8221;36px|36px|36px|36px&#8221; animation_style=&#8221;slide&#8221; animation_direction=&#8221;bottom&#8221; animation_intensity_slide=&#8221;5%&#8221; link_option_url=&#8221;https:\/\/john.kneet.be\/wp-content\/uploads\/sites\/8\/2023\/08\/cul-FR-2023-24.jpg&#8221; link_option_url_new_window=&#8221;on&#8221;]<\/p>\n<h1>Weekend gastronomique<\/h1>\n<h2><a class=\"icon-after parking-tips-trigger\" href=\"https:\/\/www.thelist.media\/\">Savourez de la convivialit\u00e9 autour d&#8217;une table<\/a><\/h2>\n<p>[\/et_pb_text][\/et_pb_column][et_pb_column type=&#8221;1_4&#8243; _builder_version=&#8221;3.25&#8243; custom_padding=&#8221;|||&#8221; custom_padding__hover=&#8221;|||&#8221;][et_pb_text module_class=&#8221;flex-wrapper center middle&#8221; _builder_version=&#8221;4.6.6&#8243; text_font=&#8221;||||||||&#8221; background_color=&#8221;#FF6542&#8243; text_orientation=&#8221;center&#8221; background_layout=&#8221;dark&#8221; custom_padding=&#8221;36px|36px|36px|36px&#8221; animation_style=&#8221;slide&#8221; animation_direction=&#8221;bottom&#8221; animation_intensity_slide=&#8221;5%&#8221; link_option_url=&#8221;https:\/\/john.kneet.be\/wp-content\/uploads\/sites\/8\/2023\/04\/a-la-carte-fr.jpg&#8221; link_option_url_new_window=&#8221;on&#8221;]<\/p>\n<h1>\u00e0 la carte<\/h1>\n<h2>pour tous les go\u00fbts des plus grand au plus petit<\/h2>\n<p>[\/et_pb_text][\/et_pb_column][\/et_pb_row][et_pb_row column_structure=&#8221;1_4,1_4,1_2&#8243; _builder_version=&#8221;3.25&#8243; custom_padding=&#8221;0|120px|0|120px|false|false&#8221;][et_pb_column type=&#8221;1_4&#8243; _builder_version=&#8221;3.25&#8243; custom_padding=&#8221;|||&#8221; custom_padding__hover=&#8221;|||&#8221;][et_pb_text module_class=&#8221;flex-wrapper center middle&#8221; _builder_version=&#8221;4.6.6&#8243; text_font=&#8221;||||||||&#8221; background_color=&#8221;#779FA1&#8243; text_orientation=&#8221;center&#8221; background_layout=&#8221;dark&#8221; custom_padding=&#8221;36px|36px|36px|36px&#8221; animation_style=&#8221;slide&#8221; animation_direction=&#8221;bottom&#8221; animation_intensity_slide=&#8221;5%&#8221; link_option_url=&#8221;https:\/\/john.kneet.be\/restaurant-l-etage\/fr\/petit-dejeuner\/&#8221;]<\/p>\n<h1 style=\"text-align: center;\">Petit d\u00e9jeuner (buffet)<\/h1>\n<p style=\"text-align: center;\">\u20ac 22 p.p.<br \/>\n\u20ac 15\/ enfant (&lt; 12 ans)<\/p>\n<p style=\"text-align: center;\">(Sundaybrunch +4\u20ac)<\/p>\n<p style=\"text-align: center;\">\n[\/et_pb_text][\/et_pb_column][et_pb_column type=&#8221;1_4&#8243; _builder_version=&#8221;3.25&#8243; custom_padding=&#8221;|||&#8221; custom_padding__hover=&#8221;|||&#8221;][et_pb_text module_class=&#8221;flex-wrapper center middle overlay dark&#8221; _builder_version=&#8221;4.6.6&#8243; text_font=&#8221;||||||||&#8221; background_color=&#8221;#1E2A3E&#8221; background_image=&#8221;https:\/\/john.kneet.be\/restaurant-l-etage\/wp-content\/uploads\/sites\/8\/2020\/05\/186-Nelson-by-AS-Deldycke.jpg&#8221; background_layout=&#8221;dark&#8221; custom_padding=&#8221;36px|36px|36px|36px&#8221; animation_style=&#8221;slide&#8221; animation_direction=&#8221;bottom&#8221; animation_intensity_slide=&#8221;5%&#8221; link_option_url=&#8221;https:\/\/john.kneet.be\/wp-content\/uploads\/sites\/8\/2023\/04\/kidmenu-fr.jpg&#8221; link_option_url_new_window=&#8221;on&#8221;]<\/p>\n<h1 style=\"text-align: center;\">Kids menu<\/h1>\n<p>[\/et_pb_text][\/et_pb_column][et_pb_column type=&#8221;1_2&#8243; _builder_version=&#8221;3.25&#8243; custom_padding=&#8221;|||&#8221; custom_padding__hover=&#8221;|||&#8221;][et_pb_text module_class=&#8221;flex-wrapper middle&#8221; _builder_version=&#8221;3.27.4&#8243; text_font=&#8221;||||||||&#8221; background_color=&#8221;#1E2A3E&#8221; background_image=&#8221;https:\/\/john.kneet.be\/restaurant-l-etage\/wp-content\/uploads\/sites\/7\/2020\/05\/133-Nelson-by-AS-Deldycke-2.jpg&#8221; background_position=&#8221;center_left&#8221; custom_padding=&#8221;36px|36px|36px|36px&#8221; animation_style=&#8221;slide&#8221; animation_direction=&#8221;bottom&#8221; animation_intensity_slide=&#8221;5%&#8221; link_option_url=&#8221;https:\/\/john.kneet.be\/hotel-nelson\/fr\/enfants-acceptes\/&#8221;]<\/p>\n<h1>Kids world<\/h1>\n<h2><a class=\"icon-after\" href=\"https:\/\/john.kneet.be\/hotel-nelson\/nl\/kids-allowed\/\">D\u00e9couvrez nos facilit\u00e9s<\/a><\/h2>\n<p>[\/et_pb_text][\/et_pb_column][\/et_pb_row][et_pb_row column_structure=&#8221;1_2,1_2&#8243; _builder_version=&#8221;4.6.6&#8243; _module_preset=&#8221;default&#8221; custom_padding=&#8221;0px||0px|||&#8221;][et_pb_column type=&#8221;1_2&#8243; _builder_version=&#8221;4.6.6&#8243; _module_preset=&#8221;default&#8221;][et_pb_text module_class=&#8221;flex-wrapper middle overlay dark double-height min-height mobile-auto-height&#8221; _builder_version=&#8221;4.6.6&#8243; text_font=&#8221;||||||||&#8221; background_color=&#8221;#1E2A3E&#8221; background_image=&#8221;https:\/\/john.kneet.be\/restaurant-l-etage\/wp-content\/uploads\/sites\/8\/2020\/05\/Nelson-102.jpg&#8221; background_layout=&#8221;dark&#8221; custom_padding=&#8221;36px|36px|36px|36px&#8221; animation_style=&#8221;slide&#8221; animation_direction=&#8221;bottom&#8221; animation_intensity_slide=&#8221;5%&#8221;]<\/p>\n<h1 style=\"text-align: left;\">Bienvenue au restaurant L&#8217;\u00e9tage<\/h1>\n<ul>\n<li style=\"text-align: left;\">Profitez de la lumi\u00e8re du jour dans notre restaurant au 1er \u00e9tage<\/li>\n<li style=\"text-align: left;\">Spacieux salon avec vue lat\u00e9rale sur la mer, salon avec feux ouvert<\/li>\n<li style=\"text-align: left;\">40 ans d&#8217;exp\u00e9rience gastronomique<\/li>\n<li style=\"text-align: left;\">Menu du jour pr\u00e9par\u00e9 \u00e0 base de produits r\u00e9gionaux et de saison<\/li>\n<li style=\"text-align: left;\">Menu gastronomique du samedi soir 6 services (valable en basse saison)<\/li>\n<li style=\"text-align: left;\">Menus sp\u00e9ciales pour les f\u00eates de fin d&#8217;ann\u00e9e avec accompagnement musical<\/li>\n<\/ul>\n<p>[\/et_pb_text][\/et_pb_column][et_pb_column type=&#8221;1_2&#8243; _builder_version=&#8221;4.6.6&#8243; _module_preset=&#8221;default&#8221;][et_pb_text module_class=&#8221;flex-wrapper middle column overlay dark min-height double-height mobile-auto-height&#8221; _builder_version=&#8221;4.6.6&#8243; text_font=&#8221;||||||||&#8221; background_color=&#8221;#1E2A3E&#8221; background_image=&#8221;https:\/\/john.kneet.be\/restaurant-l-etage\/wp-content\/uploads\/sites\/8\/2020\/05\/Nelson-069.jpg&#8221; background_layout=&#8221;dark&#8221; custom_padding=&#8221;36px|36px|36px|36px&#8221; animation_style=&#8221;slide&#8221; animation_direction=&#8221;bottom&#8221; animation_intensity_slide=&#8221;5%&#8221;]<\/p>\n<h1>Menu Nelson<\/h1>\n<h2>Soup du jour<\/h2>\n<h2>***<\/h2>\n<h2>SAUMON FUM\u00e9 garni<\/h2>\n<h2>ou<\/h2>\n<h2>Croquette aux crevettes artisanales<\/h2>\n<h2>ou<\/h2>\n<h2>Le carpaccio de boeuf aux copeaux de parmesan &amp; roquette<\/h2>\n<h2><\/h2>\n<h2><\/h2>\n<h2>***<\/h2>\n<h2>La sole Meuni\u00e8re, pommes frites<\/h2>\n<h2>ou<\/h2>\n<h2>Filet Mignon sauce b\u00e9arnaise \/ sauce poivre et pommes frites<\/h2>\n<p><span style=\"color: #ffffff; font-size: 15px; text-transform: uppercase;\">***<\/span><\/p>\n<h2>Dame Blanche ou le dessert du jour<\/h2>\n<h2>\u20ac 54 ADULTE \/ \u20ac 38 ENFANT SANS ENTREE<\/h2>\n<p>[\/et_pb_text][\/et_pb_column][\/et_pb_row][et_pb_row column_structure=&#8221;1_4,1_2,1_4&#8243; _builder_version=&#8221;4.6.6&#8243; _module_preset=&#8221;default&#8221; custom_padding=&#8221;7px||7px|||&#8221;][et_pb_column type=&#8221;1_4&#8243; _builder_version=&#8221;4.6.6&#8243; _module_preset=&#8221;default&#8221;][et_pb_text module_class=&#8221;flex-wrapper center middle overlay dark giftcard-trigger&#8221; _builder_version=&#8221;4.6.6&#8243; text_font=&#8221;||||||||&#8221; background_color=&#8221;#1E2A3E&#8221; background_image=&#8221;https:\/\/john.kneet.be\/restaurant-l-etage\/wp-content\/uploads\/sites\/7\/2020\/12\/cadeaupakje.jpg&#8221; background_layout=&#8221;dark&#8221; custom_padding=&#8221;36px|36px|36px|36px&#8221; animation_style=&#8221;slide&#8221; animation_direction=&#8221;bottom&#8221; animation_intensity_slide=&#8221;5%&#8221;]<\/p>\n<h1 style=\"text-align: left;\">The perfect gift<\/h1>\n<h2 style=\"text-align: left;\">For every occasion<\/h2>\n<p>[\/et_pb_text][\/et_pb_column][et_pb_column type=&#8221;1_2&#8243; _builder_version=&#8221;4.6.6&#8243; _module_preset=&#8221;default&#8221;][et_pb_text _builder_version=&#8221;4.6.6&#8243; background_color=&#8221;#E0CBA8&#8243; background_image=&#8221;https:\/\/john.kneet.be\/wp-content\/uploads\/sites\/8\/2021\/01\/228-Nelson-by-AS-Deldycke-5.jpg&#8221; background_size=&#8221;initial&#8221; custom_padding=&#8221;36px|36px|36px|36px&#8221; animation_style=&#8221;slide&#8221; animation_direction=&#8221;bottom&#8221; animation_intensity_slide=&#8221;5%&#8221;][\/et_pb_text][\/et_pb_column][et_pb_column type=&#8221;1_4&#8243; _builder_version=&#8221;4.6.6&#8243; _module_preset=&#8221;default&#8221;][et_pb_text _builder_version=&#8221;3.27.4&#8243; background_color=&#8221;#E0CBA8&#8243; background_image=&#8221;https:\/\/john.kneet.be\/restaurant-l-etage\/wp-content\/uploads\/sites\/8\/2020\/05\/ontbijtbuffet-3.jpg&#8221; custom_padding=&#8221;36px|36px|36px|36px&#8221; animation_style=&#8221;slide&#8221; animation_direction=&#8221;bottom&#8221; animation_intensity_slide=&#8221;5%&#8221;][\/et_pb_text][\/et_pb_column][\/et_pb_row][et_pb_row column_structure=&#8221;1_4,1_4,1_4,1_4&#8243; _builder_version=&#8221;3.25&#8243; custom_padding=&#8221;0|120px|0|120px|false|false&#8221;][et_pb_column type=&#8221;1_4&#8243; _builder_version=&#8221;3.25&#8243; custom_padding=&#8221;|||&#8221; custom_padding__hover=&#8221;|||&#8221;][et_pb_text module_id=&#8221;download-app&#8221; module_class=&#8221;flex-wrapper center middle&#8221; _builder_version=&#8221;4.6.6&#8243; text_font=&#8221;||||||||&#8221; background_color=&#8221;#1E2A3E&#8221; text_orientation=&#8221;center&#8221; background_layout=&#8221;dark&#8221; custom_padding=&#8221;36px|36px|36px|36px&#8221; animation_style=&#8221;slide&#8221; animation_direction=&#8221;bottom&#8221; animation_intensity_slide=&#8221;5%&#8221;]<\/p>\n<h1>NELSONS APP<\/h1>\n<h2>Gratis beschikbaar in de App Store en Google Play<\/h2>\n<p>[\/et_pb_text][\/et_pb_column][et_pb_column type=&#8221;1_4&#8243; _builder_version=&#8221;3.25&#8243; custom_padding=&#8221;|||&#8221; custom_padding__hover=&#8221;|||&#8221;][et_pb_text _builder_version=&#8221;3.27.4&#8243; background_color=&#8221;#E0CBA8&#8243; background_image=&#8221;https:\/\/john.kneet.be\/restaurant-l-etage\/wp-content\/uploads\/sites\/8\/2020\/05\/Bert-Demasure_BTC-Hotel-NelsonWEB37-1.jpg&#8221; custom_padding=&#8221;36px|36px|36px|36px&#8221; animation_style=&#8221;slide&#8221; animation_direction=&#8221;bottom&#8221; animation_intensity_slide=&#8221;5%&#8221;][\/et_pb_text][\/et_pb_column][et_pb_column type=&#8221;1_4&#8243; _builder_version=&#8221;3.25&#8243; custom_padding=&#8221;|||&#8221; custom_padding__hover=&#8221;|||&#8221;][et_pb_text module_class=&#8221;flex-wrapper center middle&#8221; _builder_version=&#8221;4.6.6&#8243; text_font=&#8221;||||||||&#8221; background_color=&#8221;#89241f&#8221; text_orientation=&#8221;center&#8221; background_layout=&#8221;dark&#8221; custom_padding=&#8221;36px|36px|36px|36px&#8221; animation_style=&#8221;slide&#8221; animation_direction=&#8221;bottom&#8221; animation_intensity_slide=&#8221;5%&#8221; link_option_url=&#8221;https:\/\/john.kneet.be\/wp-content\/uploads\/sites\/8\/2021\/12\/Wijn-min-1.pdf&#8221; link_option_url_new_window=&#8221;on&#8221;]<\/p>\n<h1>Carte de vin<\/h1>\n<h1><\/h1>\n<p>[\/et_pb_text][\/et_pb_column][et_pb_column type=&#8221;1_4&#8243; _builder_version=&#8221;3.25&#8243; custom_padding=&#8221;|||&#8221; custom_padding__hover=&#8221;|||&#8221;][et_pb_text module_class=&#8221;flex-wrapper center middle&#8221; _builder_version=&#8221;4.6.6&#8243; text_font=&#8221;||||||||&#8221; background_color=&#8221;#1E2A3E&#8221; text_orientation=&#8221;center&#8221; background_layout=&#8221;dark&#8221; custom_padding=&#8221;36px|36px|36px|36px&#8221; animation_style=&#8221;slide&#8221; animation_direction=&#8221;bottom&#8221; animation_intensity_slide=&#8221;5%&#8221; link_option_url=&#8221;https:\/\/john.kneet.be\/wp-content\/uploads\/sites\/8\/2021\/12\/Bar-min-1.pdf&#8221; link_option_url_new_window=&#8221;on&#8221;]<\/p>\n<h1 style=\"text-align: center;\">Carte de bar<\/h1>\n<p style=\"text-align: center;\">\n[\/et_pb_text][\/et_pb_column][\/et_pb_row][\/et_pb_section]<\/p>\n","protected":false},"excerpt":{"rendered":"<p>[et_pb_section fb_built=&#8221;1&#8243; _builder_version=&#8221;3.22&#8243; custom_padding=&#8221;0|0px|0|0px|false|false&#8221;][et_pb_row column_structure=&#8221;1_4,1_2,1_4&#8243; _builder_version=&#8221;4.6.6&#8243; _module_preset=&#8221;default&#8221; custom_padding=&#8221;0px||0px|||&#8221;][et_pb_column type=&#8221;1_4&#8243; _builder_version=&#8221;4.6.6&#8243; _module_preset=&#8221;default&#8221;][et_pb_text _builder_version=&#8221;4.6.6&#8243; background_color=&#8221;#E0CBA8&#8243; background_image=&#8221;https:\/\/john.kneet.be\/wp-content\/uploads\/sites\/8\/2021\/01\/image00051-3.jpeg&#8221; custom_padding=&#8221;36px|36px|36px|36px&#8221; animation_style=&#8221;slide&#8221; animation_direction=&#8221;bottom&#8221; animation_intensity_slide=&#8221;5%&#8221;][\/et_pb_text][\/et_pb_column][et_pb_column type=&#8221;1_2&#8243; _builder_version=&#8221;4.6.6&#8243; _module_preset=&#8221;default&#8221;][et_pb_text module_class=&#8221;flex-wrapper middle auto-height-mobile&#8221; _builder_version=&#8221;4.6.6&#8243; text_font=&#8221;||||||||&#8221; background_color=&#8221;#ffffff&#8221; text_orientation=&#8221;center&#8221; max_width=&#8221;100%&#8221; min_height=&#8221;150px&#8221; custom_margin=&#8221;1px|||||&#8221; custom_padding=&#8221;52px|36px|0px|36px||&#8221; animation_style=&#8221;slide&#8221; animation_direction=&#8221;bottom&#8221; animation_intensity_slide=&#8221;5%&#8221; link_option_url=&#8221;https:\/\/john.kneet.be\/restaurant-l-etage\/fr&#8221; custom_css_main_element=&#8221;border-image: url(https:\/\/john.kneet.be\/restaurant-l-etage\/wp-content\/uploads\/sites\/8\/2021\/02\/Depositphotos_70177729_xl-2015.jpg) 5% round;&#8221; border_width_all=&#8221;18px&#8221; border_color_all=&#8221;#ff6542&#8243; saved_tabs=&#8221;all&#8221;] LUNDI 13\/4\/2026 Le restaurant est ferm\u00e9 ce soir &nbsp; \u00a0D\u00e9couvrez ici nos [&hellip;]<\/p>\n","protected":false},"author":1,"featured_media":0,"parent":0,"menu_order":0,"comment_status":"closed","ping_status":"closed","template":"","meta":{"_et_pb_use_builder":"on","_et_pb_old_content":"<!-- wp:divi\/placeholder \/-->","_et_gb_content_width":"","inline_featured_image":false,"_monsterinsights_skip_tracking":false,"_monsterinsights_sitenote_active":false,"_monsterinsights_sitenote_note":"","_monsterinsights_sitenote_category":0,"footnotes":""},"class_list":["post-10","page","type-page","status-publish","hentry"],"yoast_head":"<!-- This site is optimized with the Yoast SEO plugin v27.0 - https:\/\/yoast.com\/product\/yoast-seo-wordpress\/ -->\n<title>Restaurant l&#039;\u00c9tage - 40 jaar gastronomische ervaring<\/title>\n<meta name=\"description\" content=\"Le restaurant l&#039;\u00c9tage de l&#039;h\u00f4tel Nelson avec vue lat\u00e9rale sur la mer est heureux de vous accueillir pour le (petit-)d\u00e9jeuner ou d\u00eener.\" \/>\n<meta name=\"robots\" content=\"index, follow, max-snippet:-1, max-image-preview:large, max-video-preview:-1\" \/>\n<link rel=\"canonical\" href=\"https:\/\/nelsonsplaces.be\/restaurant-l-etage\/fr\/\" \/>\n<meta property=\"og:locale\" content=\"nl_BE\" \/>\n<meta property=\"og:type\" content=\"article\" \/>\n<meta property=\"og:title\" content=\"Restaurant l&#039;\u00c9tage - 40 jaar gastronomische ervaring\" \/>\n<meta property=\"og:description\" content=\"Le restaurant l&#039;\u00c9tage de l&#039;h\u00f4tel Nelson avec vue lat\u00e9rale sur la mer est heureux de vous accueillir pour le (petit-)d\u00e9jeuner ou d\u00eener.\" \/>\n<meta property=\"og:url\" content=\"https:\/\/nelsonsplaces.be\/restaurant-l-etage\/fr\/\" \/>\n<meta property=\"og:site_name\" content=\"Restaurant l&#039;\u00c9tage\" \/>\n<meta property=\"article:publisher\" content=\"https:\/\/www.facebook.com\/NelsonsHotel\/\" \/>\n<meta property=\"article:modified_time\" content=\"2026-04-13T06:29:10+00:00\" \/>\n<meta name=\"twitter:card\" content=\"summary_large_image\" \/>\n<meta name=\"twitter:label1\" content=\"Geschatte leestijd\" \/>\n\t<meta name=\"twitter:data1\" content=\"3 minuten\" \/>\n<script type=\"application\/ld+json\" class=\"yoast-schema-graph\">{\"@context\":\"https:\/\/schema.org\",\"@graph\":[{\"@type\":\"WebPage\",\"@id\":\"https:\/\/nelsonsplaces.be\/restaurant-l-etage\/fr\/\",\"url\":\"https:\/\/nelsonsplaces.be\/restaurant-l-etage\/fr\/\",\"name\":\"Restaurant l&#039;\u00c9tage - 40 jaar gastronomische ervaring\",\"isPartOf\":{\"@id\":\"https:\/\/nelsonsplaces.be\/restaurant-l-etage\/#website\"},\"datePublished\":\"2019-04-17T10:38:17+00:00\",\"dateModified\":\"2026-04-13T06:29:10+00:00\",\"description\":\"Le restaurant l'\u00c9tage de l'h\u00f4tel Nelson avec vue lat\u00e9rale sur la mer est heureux de vous accueillir pour le (petit-)d\u00e9jeuner ou d\u00eener.\",\"breadcrumb\":{\"@id\":\"https:\/\/nelsonsplaces.be\/restaurant-l-etage\/fr\/#breadcrumb\"},\"inLanguage\":\"nl-BE\",\"potentialAction\":[{\"@type\":\"ReadAction\",\"target\":[\"https:\/\/nelsonsplaces.be\/restaurant-l-etage\/fr\/\"]}]},{\"@type\":\"BreadcrumbList\",\"@id\":\"https:\/\/nelsonsplaces.be\/restaurant-l-etage\/fr\/#breadcrumb\",\"itemListElement\":[{\"@type\":\"ListItem\",\"position\":1,\"name\":\"Home\",\"item\":\"https:\/\/nelsonsplaces.be\/restaurant-l-etage\/\"},{\"@type\":\"ListItem\",\"position\":2,\"name\":\"Home\"}]},{\"@type\":\"WebSite\",\"@id\":\"https:\/\/nelsonsplaces.be\/restaurant-l-etage\/#website\",\"url\":\"https:\/\/nelsonsplaces.be\/restaurant-l-etage\/\",\"name\":\"Restaurant l&#039;\u00c9tage\",\"description\":\"40 jaar gastronomische ervaring\",\"potentialAction\":[{\"@type\":\"SearchAction\",\"target\":{\"@type\":\"EntryPoint\",\"urlTemplate\":\"https:\/\/nelsonsplaces.be\/restaurant-l-etage\/?s={search_term_string}\"},\"query-input\":{\"@type\":\"PropertyValueSpecification\",\"valueRequired\":true,\"valueName\":\"search_term_string\"}}],\"inLanguage\":\"nl-BE\"}]}<\/script>\n<!-- \/ Yoast SEO plugin. -->","yoast_head_json":{"title":"Restaurant l&#039;\u00c9tage - 40 jaar gastronomische ervaring","description":"Le restaurant l'\u00c9tage de l'h\u00f4tel Nelson avec vue lat\u00e9rale sur la mer est heureux de vous accueillir pour le (petit-)d\u00e9jeuner ou d\u00eener.","robots":{"index":"index","follow":"follow","max-snippet":"max-snippet:-1","max-image-preview":"max-image-preview:large","max-video-preview":"max-video-preview:-1"},"canonical":"https:\/\/nelsonsplaces.be\/restaurant-l-etage\/fr\/","og_locale":"nl_BE","og_type":"article","og_title":"Restaurant l&#039;\u00c9tage - 40 jaar gastronomische ervaring","og_description":"Le restaurant l'\u00c9tage de l'h\u00f4tel Nelson avec vue lat\u00e9rale sur la mer est heureux de vous accueillir pour le (petit-)d\u00e9jeuner ou d\u00eener.","og_url":"https:\/\/nelsonsplaces.be\/restaurant-l-etage\/fr\/","og_site_name":"Restaurant l&#039;\u00c9tage","article_publisher":"https:\/\/www.facebook.com\/NelsonsHotel\/","article_modified_time":"2026-04-13T06:29:10+00:00","twitter_card":"summary_large_image","twitter_misc":{"Geschatte leestijd":"3 minuten"},"schema":{"@context":"https:\/\/schema.org","@graph":[{"@type":"WebPage","@id":"https:\/\/nelsonsplaces.be\/restaurant-l-etage\/fr\/","url":"https:\/\/nelsonsplaces.be\/restaurant-l-etage\/fr\/","name":"Restaurant l&#039;\u00c9tage - 40 jaar gastronomische ervaring","isPartOf":{"@id":"https:\/\/nelsonsplaces.be\/restaurant-l-etage\/#website"},"datePublished":"2019-04-17T10:38:17+00:00","dateModified":"2026-04-13T06:29:10+00:00","description":"Le restaurant l'\u00c9tage de l'h\u00f4tel Nelson avec vue lat\u00e9rale sur la mer est heureux de vous accueillir pour le (petit-)d\u00e9jeuner ou d\u00eener.","breadcrumb":{"@id":"https:\/\/nelsonsplaces.be\/restaurant-l-etage\/fr\/#breadcrumb"},"inLanguage":"nl-BE","potentialAction":[{"@type":"ReadAction","target":["https:\/\/nelsonsplaces.be\/restaurant-l-etage\/fr\/"]}]},{"@type":"BreadcrumbList","@id":"https:\/\/nelsonsplaces.be\/restaurant-l-etage\/fr\/#breadcrumb","itemListElement":[{"@type":"ListItem","position":1,"name":"Home","item":"https:\/\/nelsonsplaces.be\/restaurant-l-etage\/"},{"@type":"ListItem","position":2,"name":"Home"}]},{"@type":"WebSite","@id":"https:\/\/nelsonsplaces.be\/restaurant-l-etage\/#website","url":"https:\/\/nelsonsplaces.be\/restaurant-l-etage\/","name":"Restaurant l&#039;\u00c9tage","description":"40 jaar gastronomische ervaring","potentialAction":[{"@type":"SearchAction","target":{"@type":"EntryPoint","urlTemplate":"https:\/\/nelsonsplaces.be\/restaurant-l-etage\/?s={search_term_string}"},"query-input":{"@type":"PropertyValueSpecification","valueRequired":true,"valueName":"search_term_string"}}],"inLanguage":"nl-BE"}]}},"_links":{"self":[{"href":"https:\/\/nelsonsplaces.be\/restaurant-l-etage\/wp-json\/wp\/v2\/pages\/10","targetHints":{"allow":["GET"]}}],"collection":[{"href":"https:\/\/nelsonsplaces.be\/restaurant-l-etage\/wp-json\/wp\/v2\/pages"}],"about":[{"href":"https:\/\/nelsonsplaces.be\/restaurant-l-etage\/wp-json\/wp\/v2\/types\/page"}],"author":[{"embeddable":true,"href":"https:\/\/nelsonsplaces.be\/restaurant-l-etage\/wp-json\/wp\/v2\/users\/1"}],"replies":[{"embeddable":true,"href":"https:\/\/nelsonsplaces.be\/restaurant-l-etage\/wp-json\/wp\/v2\/comments?post=10"}],"version-history":[{"count":831,"href":"https:\/\/nelsonsplaces.be\/restaurant-l-etage\/wp-json\/wp\/v2\/pages\/10\/revisions"}],"predecessor-version":[{"id":12278,"href":"https:\/\/nelsonsplaces.be\/restaurant-l-etage\/wp-json\/wp\/v2\/pages\/10\/revisions\/12278"}],"wp:attachment":[{"href":"https:\/\/nelsonsplaces.be\/restaurant-l-etage\/wp-json\/wp\/v2\/media?parent=10"}],"curies":[{"name":"wp","href":"https:\/\/api.w.org\/{rel}","templated":true}]}}